ime factors of 227.
227
List the prime factors of 880.
2, 5, 11
List the prime factors of 9546.
2, 3, 37, 43
List the prime factors of 11805.
3, 5, 787
List the prime factors of 465.
3, 5, 31
List the prime factors of 6810.
2, 3, 5, 227
What are the prime factors of 135968?
2, 7, 607
List the prime factors of 38944.
2, 1217
What are the prime factors of 29678?
2, 11, 19, 71
List the prime factors of 9300.
2, 3, 5, 31
What are the prime factors of 321?
3, 107
What are the prime factors of 400?
2, 5
List the prime factors of 1587.
3, 23
What are the prime factors of 1101?
3, 367
What are the prime factors of 3624?
2, 3, 151
List the prime factors of 83997.
3, 17, 61
List the prime factors of 61763.
13, 4751
List the prime factors of 1803.
3, 601
What are the prime factors of 770?
2, 5, 7, 11
What are the prime factors of 25168?
2, 11, 13
What are the prime factors of 7906?
2, 59, 67
List the prime factors of 5255.
5, 1051
What are the prime factors of 1793?
11, 163
List the prime factors of 2255.
5, 11, 41
What are the prime factors of 171390?
2, 3, 5, 29, 197
What are the prime factors of 3706?
2, 17, 109
What are the prime factors of 22476?
2, 3, 1873
What are the prime factors of 16223?
16223
What are the prime factors of 10869?
3, 3623
List the prime factors of 7905.
3, 5, 17, 31
List the prime factors of 11199.
3, 3733
What are the prime factors of 8218?
2, 7, 587
What are the prime factors of 867?
3, 17
What are the prime factors of 53272?
2, 6659
What are the prime factors of 26362?
2, 7, 269
What are the prime factors of 536?
2, 67
List the prime factors of 803.
11, 73
What are the prime factors of 1349?
19, 71
What are the prime factors of 2349?
3, 29
What are the prime factors of 3132?
2, 3, 29
What are the prime factors of 3227?
7, 461
List the prime factors of 60270.
2, 3, 5, 7, 41
List the prime factors of 19655.
5, 3931
What are the prime factors of 5397?
3, 7, 257
What are the prime factors of 5355?
3, 5, 7, 17
What are the prime factors of 110180?
2, 5, 7, 787
List the prime factors of 3661.
7, 523
List the prime factors of 3993.
3, 11
List the prime factors of 3069.
3, 11, 31
List the prime factors of 8377.
8377
What are the prime factors of 1754?
2, 877
What are the prime factors of 55344?
2, 3, 1153
List the prime factors of 8164.
2, 13, 157
List the prime factors of 111952.
2, 6997
What are the prime factors of 11872?
2, 7, 53
What are the prime factors of 753?
3, 251
What are the prime factors of 34863?
3, 11621
List the prime factors of 2466.
2, 3, 137
List the prime factors of 12440.
2, 5, 311
What are the prime factors of 1883?
7, 269
What are the prime factors of 511?
7, 73
What are the prime factors of 927?
3, 103
What are the prime factors of 5947?
19, 313
List the prime factors of 3070.
2, 5, 307
List the prime factors of 4483.
4483
What are the prime factors of 5912?
2, 739
What are the prime factors of 20076?
2, 3, 7, 239
List the prime factors of 529.
23
List the prime factors of 44299.
31, 1429
What are the prime factors of 83776?
2, 7, 11, 17
What are the prime factors of 453?
3, 151
List the prime factors of 1264.
2, 79
What are the prime factors of 13089?
3, 4363
What are the prime factors of 9324?
2, 3, 7, 37
What are the prime factors of 2564?
2, 641
What are the prime factors of 1373?
1373
List the prime factors of 32688.
2, 3, 227
List the prime factors of 26007.
3, 8669
What are the prime factors of 3641?
11, 331
List the prime factors of 67519.
251, 269
List the prime factors of 4779.
3, 59
List the prime factors of 16690.
2, 5, 1669
What are the prime factors of 2036?
2, 509
List the prime factors of 2916.
2, 3
What are the prime factors of 27940?
2, 5, 11, 127
List the prime factors of 24882.
2, 3, 11, 13, 29
What are the prime factors of 2051?
7, 293
List the prime factors of 10456.
2, 1307
What are the prime factors of 1229?
1229
List the prime factors of 327.
3, 109
List the prime factors of 3974.
2, 1987
What are the prime factors of 18075?
3, 5, 241
What are the prime factors of 3465?
3, 5, 7, 11
What are the prime factors of 74290?
2, 5, 17, 19, 23
List the prime factors of 1889.
1889
List the prime factors of 5084.
2, 31, 41
What are the prime factors of 6367?
6367
List the prime factors of 474.
2, 3, 79
List the prime factors of 8918.
2, 7, 13
What are the prime factors of 2123?
11, 193
List the prime factors of 26860.
2, 5, 17, 79
What are the prime factors of 555?
3, 5, 37
List the prime factors of 72687.
3, 24229
What are the prime factors of 223?
223
List the prime factors of 1680.
2, 3, 5, 7
List the prime factors of 1357.
23, 59
What are the prime factors of 1067?
11, 97
List the prime factors of 352.
2, 11
What are the prime factors of 1463?
7, 11, 19
What are the prime factors of 805?
5, 7, 23
What are the prime factors of 18316?
2, 19, 241
What are the prime factors of 4299?
3, 1433
What are the prime factors of 98385?
3, 5, 7, 937
What are the prime factors of 6356?
2, 7, 227
What are the prime factors of 17490?
2, 3, 5, 11, 53
List the prime factors of 50506.
2, 25253
List the prime factors of 1087.
1087
What are the prime factors of 13597?
13597
List the prime factors of 827.
827
What are the prime factors of 6493?
43, 151
List the prime factors of 69229.
107, 647
List the prime factors of 16043.
61, 263
What are the prime factors of 1969?
11, 179
What are the prime factors of 641?
641
List the prime factors of 9999.
3, 11, 101
List the prime factors of 26457.
3, 8819
What are the prime factors of 28808?
2, 13, 277
What are the prime factors of 84597?
3, 163, 173
What are the prime factors of 780?
2, 3, 5, 13
List the prime factors of 71930.
2, 5, 7193
What are the prime factors of 376?
2, 47
What are the prime factors of 4358?
2, 2179
What are the prime factors of 9977?
11, 907
List the prime factors of 105305.
5, 21061
List the prime factors of 22.
2, 11
What are the prime factors of 38091?
3, 12697
What are the prime factors of 1434?
2, 3, 239
List the prime factors of 5572.
2, 7, 199
What are the prime factors of 84475?
5, 31, 109
List the prime factors of 3530.
2, 5, 353
What are the prime factors of 1293?
3, 431
List the prime factors of 3632.
2, 227
List the prime factors of 17505.
3, 5, 389
List the prime factors of 10519.
67, 157
List the prime factors of 72740.
2, 5, 3637
List the prime factors of 493.
17, 29
List the prime factors of 5894.
2, 7, 421
List the prime factors of 617.
617
List the prime factors of 7540.
2, 5, 13, 29
List the prime factors of 39673.
97, 409
What are the prime factors of 206?
2, 103
What are the prime factors of 7245?
3, 5, 7, 23
List the prime factors of 7838.
2, 3919
List the prime factors of 3214.
2, 1607
List the prime factors of 8931.
3, 13, 229
List the prime factors of 56939.
97, 587
List the prime factors of 7533.
3, 31
What are the prime factors of 295?
5, 59
What are the prime factors of 16197?
3, 5399
List the prime factors of 2186.
2, 1093
What are the prime factors of 18043?
18043
What are the prime factors of 3076?
2, 769
What are the prime factors of 2774?
2, 19, 73
List the prime factors of 53275.
5, 2131
List the prime factors of 6295.
5, 1259
List the prime factors of 666.
2, 3, 37
What are the prime factors of 44242?
2, 11, 2011
List the prime factors of 40269.
3, 31, 433
What are the prime factors of 2885?
5, 577
What are the prime factors of 1207?
17, 71
What are the prime factors of 3345?
3, 5, 223
List the prime factors of 4121.
13, 317
What are the prime factors of 4405?
5, 881
List the prime factors of 39880.
2, 5, 997
What are the prime factors of 832?
2, 13
What are the prime factors of 2348?
2, 587
List the prime factors of 4620.
2, 3, 5, 7, 11
What are the prime factors of 8681?
8681
List the prime factors of 3290.
2, 5, 7, 47
List the prime factors of 1937.
13, 149
List the prime factors of 48107.
73, 659
What are the prime factors of 2044?
2, 7, 73
What are the prime factors of 20303?
79, 257
List the prime factors of 90986.
2, 7, 67, 97
List the prime factors of 60856.
2, 7607
List the prime factors of 134982.
2, 3, 7499
What are the prime factors of 1325?
5, 53
List the prime factors of 5.
5
List the prime factors of 54734.
2, 27367
What are the prime factors of 32974?
2, 16487
What are the prime factors of 5